{"id":33,"date":"2017-06-02T12:30:55","date_gmt":"2017-06-02T12:30:55","guid":{"rendered":"http:\/\/bollin-edv.ch\/?page_id=33"},"modified":"2017-06-02T12:30:55","modified_gmt":"2017-06-02T12:30:55","slug":"kontakt","status":"publish","type":"page","link":"https:\/\/www.bollin-edv.ch\/?page_id=33","title":{"rendered":"Kontakt"},"content":{"rendered":"<p>Bollin EDV GmbH<br \/>\nS\u00e4gereistrasse 5<br \/>\n8172 Niederglatt ZH<\/p>\n<p>Telefon: \u00a0044 851 15 45<br \/>\nE-Mail: \u00a0 info \u00e4t bollin-edv.ch<\/p>\n<p>Wegbeschreibung mit dem Auto:<\/p>\n<ul>\n<li>Autobahn-Ausfahrt &#8222;R\u00fcmlang, Glattbrugg&#8220;<\/li>\n<li>Richtung R\u00fcmlang, Zurzach<\/li>\n<li>In Niederglatt, nach der Avia-Tankstelle rechts einbiegen<\/li>\n<li>Vor der Sonnen-Apotheke gleich wieder rechts einbiegen<\/li>\n<li>Grosses Goldleisten-Geb\u00e4ude mit Tafel S\u00e4gereistrasse 3 \/ 5, vorbei und links nach dem grossen Geb\u00e4ude einbiegen<\/li>\n<li>Die Bollin EDV GmbH befindet sich in der Nummer 5<\/li>\n<li>Parkieren kann man vor dem Eingang oder weiter hinten auf dem Kiesplatz, bei den Parkpl\u00e4tzen, die nicht angeschrieben sind<\/li>\n<\/ul>\n<p>Standort Bollin EDV GmbH via <a href=\"http:\/\/maps.google.com\/maps?f=q&amp;source=s_q&amp;hl=de&amp;geocode=&amp;q=S%C3%A4gereistrasse+5,+Niederglatt,+Schweiz&amp;aq=0&amp;oq=S%C3%A4gereistrasse+5+Niederg&amp;sll=37.0625,-95.677068&amp;sspn=60.894251,99.228516&amp;vpsrc=0&amp;ie=UTF8&amp;hq=&amp;hnear=S%C3%A4gereistrasse+5,+8172+Niederglatt,+Z%C3%BCrich,+Schweiz&amp;t=m&amp;z=17\">Google Maps<\/a><\/p>\n","protected":false},"excerpt":{"rendered":"<p>Bollin EDV GmbH S\u00e4gereistrasse 5 8172 Niederglatt ZH Telefon: \u00a0044 851 15 45 E-Mail: \u00a0 info \u00e4t bollin-edv.ch Wegbeschreibung mit dem Auto: Autobahn-Ausfahrt &#8222;R\u00fcmlang, Glattbrugg&#8220; Richtung R\u00fcmlang, Zurzach In Niederglatt, nach der Avia-Tankstelle rechts einbiegen Vor der Sonnen-Apotheke gleich wieder [&hellip;]<\/p>\n","protected":false},"author":2,"featured_media":0,"parent":0,"menu_order":3,"comment_status":"closed","ping_status":"closed","template":"","meta":{"footnotes":""},"_links":{"self":[{"href":"https:\/\/www.bollin-edv.ch\/index.php?rest_route=\/wp\/v2\/pages\/33"}],"collection":[{"href":"https:\/\/www.bollin-edv.ch\/index.php?rest_route=\/wp\/v2\/pages"}],"about":[{"href":"https:\/\/www.bollin-edv.ch\/index.php?rest_route=\/wp\/v2\/types\/page"}],"author":[{"embeddable":true,"href":"https:\/\/www.bollin-edv.ch\/index.php?rest_route=\/wp\/v2\/users\/2"}],"replies":[{"embeddable":true,"href":"https:\/\/www.bollin-edv.ch\/index.php?rest_route=%2Fwp%2Fv2%2Fcomments&post=33"}],"version-history":[{"count":1,"href":"https:\/\/www.bollin-edv.ch\/index.php?rest_route=\/wp\/v2\/pages\/33\/revisions"}],"predecessor-version":[{"id":34,"href":"https:\/\/www.bollin-edv.ch\/index.php?rest_route=\/wp\/v2\/pages\/33\/revisions\/34"}],"wp:attachment":[{"href":"https:\/\/www.bollin-edv.ch\/index.php?rest_route=%2Fwp%2Fv2%2Fmedia&parent=33"}],"curies":[{"name":"wp","href":"https:\/\/api.w.org\/{rel}","templated":true}]}}